{"id":836,"date":"2012-03-15T17:34:17","date_gmt":"2012-03-15T17:34:17","guid":{"rendered":"https:\/\/paulocolmain.com\/?page_id=836"},"modified":"2012-04-06T13:01:05","modified_gmt":"2012-04-06T13:01:05","slug":"jan-10","status":"publish","type":"page","link":"https:\/\/paulocolmain.com\/?page_id=836","title":{"rendered":"Jan 2010"},"content":{"rendered":"<p>January Evening<\/p>\n<p>Chill floods the vacuum<br \/>\nthe sinking sun leaves behind.<br \/>\nJackdaws share a joke.<\/p>\n<p>(25\/01\/10)<\/p>\n<p>************************<\/p>\n<p>Sr\u00faillrince<\/p>\n<p>&#8216;Damhsa le glais\u00edn,<br \/>\ntumann draigheann dh\u00e1 chosa &#8212;<br \/>\n&#8216;scinneadh thar&#8217;n sruth.<\/p>\n<p><em>[Streamdance<\/em><\/p>\n<p><em>Delighting in dance,<\/em><br \/>\n<em>a bramble dips its two feet.<\/em><br \/>\n<em>Skims the water&#8217;s flow.]<\/em><\/p>\n<p>(18\/01\/10)<\/p>\n<p>***************************<\/p>\n<p><em>After weeks of heavy frost, the roads impassable in many areas, streams and ponds frozen solid, snow: soft, silent,\u00a0 beautiful. All-too soon, storms and heavy rain blew in off the Atlantic, adding to the snow-melt, turning the silent, white streams into raging brown torrents. For the fourth time in eight weeks, Skibbereen is battening its hatches against floods: the violent winds combining with a Spring tide and the overflowing water-table. But the Ilen, the main river appears calm, in stasis&#8230;<\/em><\/p>\n<p>Slow, roiling currents.<br \/>\nPink-brown of drinking chocolate.<br \/>\nSpilling silently.<\/p>\n<p>(12\/01\/10)<\/p>\n<p>***********************<\/p>\n<p><em>It is completely still. Not a rustle. No breeze whatsoever. Smoke plumes up and billows lazily out from a fire miles down the coast. Just hangs there. Crows\u2019 calling clearly heard \u2018way across the fields. The streams are silent now. Only birds make any sound. The sky is turquoise. The sun is pale, pale, hardly any warmth. Frost hides in nests and hollows and behind hedges, forming ghostly, negative shadows. Ice forms kaleidoscopic patterns in wheel ruts and where last week a spring oozed over a rocky outcrop. The ground makes small crunching noises under my feet, the ice cracking a half-metre from where I tread. A horse in a green, canvas overcoat blows steam, standing exactly where he was yesterday when I passed, creaking and cracking and crunching. Blackbirds scoot out low from the verges along this track, skimming the frozen ground. A snipe stands, too cold to flee, in the centre grass before me. I stop. Wait. Breath wispy in the brittle air.<\/em><\/p>\n<p>Ice waits in shadows,<br \/>\ngathers in shady corners.<br \/>\nFrost-fur trims leaves.<\/p>\n<p>(04\/01\/10)<\/p>\n<p>********************<br \/>\n<em>The New Year dawned bright and clear, icy still after the convulsions of the previous few days&#8217; storms. New Year&#8217;s Day:<br \/>\n<\/em><\/p>\n<p>Low, white Winter light<br \/>\ngilds each bare stem and seed-head.<br \/>\nHidden pheasant coughs.<\/p>\n<p>(01\/01\/10)<\/p>\n","protected":false},"excerpt":{"rendered":"<p>January Evening Chill floods the vacuum the sinking sun leaves behind. Jackdaws share a joke. (25\/01\/10) ************************ Sr\u00faillrince &#8216;Damhsa le glais\u00edn, tumann draigheann dh\u00e1 chosa &#8212; &#8216;scinneadh thar&#8217;n sruth. [Streamdance Delighting in dance, a bramble dips its two feet. Skims &hellip; <a href=\"https:\/\/paulocolmain.com\/?page_id=836\">Continue reading <span class=\"meta-nav\">&rarr;<\/span><\/a><\/p>\n","protected":false},"author":1,"featured_media":0,"parent":485,"menu_order":1,"comment_status":"closed","ping_status":"open","template":"","meta":{"ngg_post_thumbnail":0,"spay_email":""},"jetpack_shortlink":"https:\/\/wp.me\/P36zMW-du","jetpack_sharing_enabled":true,"_links":{"self":[{"href":"https:\/\/paulocolmain.com\/index.php?rest_route=\/wp\/v2\/pages\/836"}],"collection":[{"href":"https:\/\/paulocolmain.com\/index.php?rest_route=\/wp\/v2\/pages"}],"about":[{"href":"https:\/\/paulocolmain.com\/index.php?rest_route=\/wp\/v2\/types\/page"}],"author":[{"embeddable":true,"href":"https:\/\/paulocolmain.com\/index.php?rest_route=\/wp\/v2\/users\/1"}],"replies":[{"embeddable":true,"href":"https:\/\/paulocolmain.com\/index.php?rest_route=%2Fwp%2Fv2%2Fcomments&post=836"}],"version-history":[{"count":2,"href":"https:\/\/paulocolmain.com\/index.php?rest_route=\/wp\/v2\/pages\/836\/revisions"}],"predecessor-version":[{"id":1128,"href":"https:\/\/paulocolmain.com\/index.php?rest_route=\/wp\/v2\/pages\/836\/revisions\/1128"}],"up":[{"embeddable":true,"href":"https:\/\/paulocolmain.com\/index.php?rest_route=\/wp\/v2\/pages\/485"}],"wp:attachment":[{"href":"https:\/\/paulocolmain.com\/index.php?rest_route=%2Fwp%2Fv2%2Fmedia&parent=836"}],"curies":[{"name":"wp","href":"https:\/\/api.w.org\/{rel}","templated":true}]}}