{"id":721,"date":"2012-03-14T11:40:23","date_gmt":"2012-03-14T11:40:23","guid":{"rendered":"https:\/\/paulocolmain.com\/?page_id=721"},"modified":"2020-07-22T08:16:42","modified_gmt":"2020-07-22T08:16:42","slug":"albums-cds","status":"publish","type":"page","link":"https:\/\/paulocolmain.com\/?page_id=721","title":{"rendered":"Albums &#8211; cds"},"content":{"rendered":"<p>Is f\u00e9idir cluas a\u00a0 chur ar ch\u00fapla de mo chuid amhr\u00e1in ar an <a title=\"Jukebox\" href=\"https:\/\/paulocolmain.com\/?page_id=502\">j\u00facbhosca.<\/a> Ar aghaidh leat! Anois! T\u00e1 cuid desna dl\u00fathdiosca\u00ed ar f\u00e1\u00edl th\u00edos. Chun iad a cheannach, n\u00f3 a thuilleadh eolais a fh\u00e1\u00edl uathu, clice\u00e1il ar do rogha.<\/p>\n<p>Some of my music are available to hear on the <a title=\"Jukebox\" href=\"https:\/\/paulocolmain.com\/?page_id=502\">Jukebox<\/a>. Go on &#8211; have a listen! You know you want to!!! Here, below, are some of the cds available. To buy, or just to find out more about them, simply choose a cd and click!<\/p>\n<p>T\u00e1 cuid a d\u00f3 den albam d\u00fabailte, <strong>&#8220;&#8230;agus Suantra\u00ed&#8221;<\/strong> cr\u00edochnaithe anois agam. Beidh s\u00e9 \u00e1 sheoladh agam go luath!<\/p>\n<p>Part 2 of the double album, <strong>&#8220;&#8230;agus Suantra\u00ed&#8221;<\/strong> &#8211; the &#8220;lullaby&#8221; album is finished now. Watch this space for it&#8217;s (imminent) launch!<\/p>\n<p>Chun \u00e9 a cheannach clice\u00e1il an leathanach th\u00edos \/ To purchase click on the relevant page below.<\/p>\n<p>(N\u00f3 ar: \/ or on: Spotify &amp;\u00a0 <a href=\"https:\/\/soundcloud.com\/paul-o-colmain\">Soundcloud<\/a><\/p>\n<p><strong><a href=\"https:\/\/paulocolmain.com\/?page_id=3873\">&#8230;agus Suantra\u00ed<\/a><\/strong><\/p>\n<p><a title=\"Geantra\u00ed, Goltra\u00ed\" href=\"https:\/\/paulocolmain.com\/?page_id=1843\"><strong>Geantra\u00ed, Goltra\u00ed<\/strong><\/a><\/p>\n<p><strong><a title=\"Turas\" href=\"https:\/\/paulocolmain.com\/?page_id=728\">Turas<\/a><\/strong><\/p>\n<p><strong><a title=\"Looking to the Underneath\" href=\"https:\/\/paulocolmain.com\/?page_id=733\">Looking to the Underneath<\/a><\/strong><\/p>\n<p><strong><a title=\"NOW, that\u2019s what I call RANTING! Vol.1\" href=\"https:\/\/paulocolmain.com\/?page_id=737\">NOW, that&#8217;s what I call Ranting! Vol.1<\/a><\/strong><\/p>\n<p><strong><a title=\"Dancing from the knees up\" href=\"https:\/\/paulocolmain.com\/?page_id=740\">Dancing from the knees up <\/a><\/strong><\/p>\n<p><a href=\"https:\/\/paulocolmain.com\/wp-content\/uploads\/2012\/03\/Turas_cover.jpg\">\u00a0<\/a><\/p>\n","protected":false},"excerpt":{"rendered":"<p>Is f\u00e9idir cluas a\u00a0 chur ar ch\u00fapla de mo chuid amhr\u00e1in ar an j\u00facbhosca. Ar aghaidh leat! Anois! T\u00e1 cuid desna dl\u00fathdiosca\u00ed ar f\u00e1\u00edl th\u00edos. Chun iad a cheannach, n\u00f3 a thuilleadh eolais a fh\u00e1\u00edl uathu, clice\u00e1il ar do rogha. &hellip; <a href=\"https:\/\/paulocolmain.com\/?page_id=721\">Continue reading <span class=\"meta-nav\">&rarr;<\/span><\/a><\/p>\n","protected":false},"author":1,"featured_media":0,"parent":8,"menu_order":1,"comment_status":"closed","ping_status":"open","template":"","meta":{"ngg_post_thumbnail":0,"spay_email":""},"jetpack_shortlink":"https:\/\/wp.me\/P36zMW-bD","jetpack_sharing_enabled":true,"_links":{"self":[{"href":"https:\/\/paulocolmain.com\/index.php?rest_route=\/wp\/v2\/pages\/721"}],"collection":[{"href":"https:\/\/paulocolmain.com\/index.php?rest_route=\/wp\/v2\/pages"}],"about":[{"href":"https:\/\/paulocolmain.com\/index.php?rest_route=\/wp\/v2\/types\/page"}],"author":[{"embeddable":true,"href":"https:\/\/paulocolmain.com\/index.php?rest_route=\/wp\/v2\/users\/1"}],"replies":[{"embeddable":true,"href":"https:\/\/paulocolmain.com\/index.php?rest_route=%2Fwp%2Fv2%2Fcomments&post=721"}],"version-history":[{"count":24,"href":"https:\/\/paulocolmain.com\/index.php?rest_route=\/wp\/v2\/pages\/721\/revisions"}],"predecessor-version":[{"id":4065,"href":"https:\/\/paulocolmain.com\/index.php?rest_route=\/wp\/v2\/pages\/721\/revisions\/4065"}],"up":[{"embeddable":true,"href":"https:\/\/paulocolmain.com\/index.php?rest_route=\/wp\/v2\/pages\/8"}],"wp:attachment":[{"href":"https:\/\/paulocolmain.com\/index.php?rest_route=%2Fwp%2Fv2%2Fmedia&parent=721"}],"curies":[{"name":"wp","href":"https:\/\/api.w.org\/{rel}","templated":true}]}}

<p>Is féidir cluas a  chur ar chúpla de mo chuid amhráin ar an <a title="Jukebox" href="https://paulocolmain.com/?page_id=502">júcbhosca.</a> Ar aghaidh leat! Anois! Tá cuid desna dlúthdioscaí ar fáíl thíos. Chun iad a cheannach, nó a thuilleadh eolais a fháíl uathu, cliceáil ar do rogha.</p>
<p>Some of my music are available to hear on the <a title="Jukebox" href="https://paulocolmain.com/?page_id=502">Jukebox</a>. Go on &#8211; have a listen! You know you want to!!! Here, below, are some of the cds available. To buy, or just to find out more about them, simply choose a cd and click!</p>
<p>Tá cuid a dó den albam dúbailte, <strong>&#8220;&#8230;agus Suantraí&#8221;</strong> críochnaithe anois agam. Beidh sé á sheoladh agam go luath!</p>
<p>Part 2 of the double album, <strong>&#8220;&#8230;agus Suantraí&#8221;</strong> &#8211; the &#8220;lullaby&#8221; album is finished now. Watch this space for it&#8217;s (imminent) launch!</p>
<p>Chun é a cheannach cliceáil an leathanach thíos / To purchase click on the relevant page below.</p>
<p>(Nó ar: / or on: Spotify &amp;  <a href="https://soundcloud.com/paul-o-colmain">Soundcloud</a></p>
<p><strong><a href="https://paulocolmain.com/?page_id=3873">&#8230;agus Suantraí</a></strong></p>
<p><a title="Geantraí, Goltraí" href="https://paulocolmain.com/?page_id=1843"><strong>Geantraí, Goltraí</strong></a></p>
<p><strong><a title="Turas" href="https://paulocolmain.com/?page_id=728">Turas</a></strong></p>
<p><strong><a title="Looking to the Underneath" href="https://paulocolmain.com/?page_id=733">Looking to the Underneath</a></strong></p>
<p><strong><a title="NOW, that’s what I call RANTING! Vol.1" href="https://paulocolmain.com/?page_id=737">NOW, that&#8217;s what I call Ranting! Vol.1</a></strong></p>
<p><strong><a title="Dancing from the knees up" href="https://paulocolmain.com/?page_id=740">Dancing from the knees up </a></strong></p>
<p><a href="https://paulocolmain.com/wp-content/uploads/2012/03/Turas_cover.jpg"> </a></p>

<p>Is féidir cluas a  chur ar chúpla de mo chuid amhráin ar an júcbhosca. Ar aghaidh leat! Anois! Tá cuid desna dlúthdioscaí ar fáíl thíos. Chun iad a cheannach, nó a thuilleadh eolais a fháíl uathu, cliceáil ar do rogha. &hellip; <a href="https://paulocolmain.com/?page_id=721">Continue reading <span class="meta-nav">&rarr;</span></a></p>
