{"id":7159,"date":"2023-05-09T09:31:26","date_gmt":"2023-05-09T09:31:26","guid":{"rendered":"https:\/\/paulocolmain.com\/?page_id=7159"},"modified":"2023-05-09T09:31:26","modified_gmt":"2023-05-09T09:31:26","slug":"haiku-of-the-week-archives-april-2023","status":"publish","type":"page","link":"https:\/\/paulocolmain.com\/?page_id=7159","title":{"rendered":"Haiku of the Week Archives: April 2023"},"content":{"rendered":"<p><em>After the storm..<\/em><\/p>\n<h3 style=\"text-align: left;\">The woods&#8217; silence,<br \/>\nshaken from trees by the wind,<br \/>\nsettles back slowly.<\/h3>\n<p>(28\/04\/23)<\/p>\n<p>*********************<\/p>\n<p><em>Cherry blossom time..<\/em><\/p>\n<h3 style=\"text-align: left;\">A perfect haiku:<br \/>\na cat and a cherry tree.<br \/>\nBlossoms fall slowly.<\/h3>\n<p>(21\/04\/23)<\/p>\n<p>*********************<\/p>\n<p><em>O\u00edche fhi\u00e1in &#8211; an Garbh Sh\u00edon b&#8217;fh\u00e9idir?<\/em><\/p>\n<h3 style=\"text-align: left;\">Lu\u00edonn an ci\u00fanas<br \/>\nmar bhl\u00e1th \u00f3 chrann sil\u00edn\u00ed<br \/>\nTar \u00e9is an anfa.<\/h3>\n<p>(14\/04\/23)<\/p>\n<p>*********************<\/p>\n<p><em>Hope springs eternal..<\/em><\/p>\n<h3 style=\"text-align: left;\">Oak out before ash.<br \/>\nRain fills hollows, buckets, tins.<br \/>\nTell it to the trees.<\/h3>\n<p>(07\/04\/23)<\/p>\n","protected":false},"excerpt":{"rendered":"<p>After the storm.. The woods&#8217; silence, shaken from trees by the wind, settles back slowly. (28\/04\/23) ********************* Cherry blossom time.. A perfect haiku: a cat and a cherry tree. Blossoms fall slowly. (21\/04\/23) ********************* O\u00edche fhi\u00e1in &#8211; an Garbh Sh\u00edon &hellip; <a href=\"https:\/\/paulocolmain.com\/?page_id=7159\">Continue reading <span class=\"meta-nav\">&rarr;<\/span><\/a><\/p>\n","protected":false},"author":1,"featured_media":0,"parent":6494,"menu_order":4,"comment_status":"closed","ping_status":"closed","template":"","meta":{"ngg_post_thumbnail":0,"spay_email":""},"jetpack_shortlink":"https:\/\/wp.me\/P36zMW-1Rt","jetpack_sharing_enabled":true,"_links":{"self":[{"href":"https:\/\/paulocolmain.com\/index.php?rest_route=\/wp\/v2\/pages\/7159"}],"collection":[{"href":"https:\/\/paulocolmain.com\/index.php?rest_route=\/wp\/v2\/pages"}],"about":[{"href":"https:\/\/paulocolmain.com\/index.php?rest_route=\/wp\/v2\/types\/page"}],"author":[{"embeddable":true,"href":"https:\/\/paulocolmain.com\/index.php?rest_route=\/wp\/v2\/users\/1"}],"replies":[{"embeddable":true,"href":"https:\/\/paulocolmain.com\/index.php?rest_route=%2Fwp%2Fv2%2Fcomments&post=7159"}],"version-history":[{"count":1,"href":"https:\/\/paulocolmain.com\/index.php?rest_route=\/wp\/v2\/pages\/7159\/revisions"}],"predecessor-version":[{"id":7160,"href":"https:\/\/paulocolmain.com\/index.php?rest_route=\/wp\/v2\/pages\/7159\/revisions\/7160"}],"up":[{"embeddable":true,"href":"https:\/\/paulocolmain.com\/index.php?rest_route=\/wp\/v2\/pages\/6494"}],"wp:attachment":[{"href":"https:\/\/paulocolmain.com\/index.php?rest_route=%2Fwp%2Fv2%2Fmedia&parent=7159"}],"curies":[{"name":"wp","href":"https:\/\/api.w.org\/{rel}","templated":true}]}}