{"id":588,"date":"2012-03-03T18:13:17","date_gmt":"2012-03-03T18:13:17","guid":{"rendered":"https:\/\/paulocolmain.com\/?page_id=588"},"modified":"2012-03-28T21:44:47","modified_gmt":"2012-03-28T21:44:47","slug":"aon-chroi-lan","status":"publish","type":"page","link":"https:\/\/paulocolmain.com\/?page_id=588","title":{"rendered":"Aon chro\u00ed l\u00e1n"},"content":{"rendered":"<p><strong>Aon Chro\u00ed L\u00e1n (Conamara)\u00a0\u00a0\u00a0\u00a0\u00a0\u00a0\u00a0\u00a0\u00a0\u00a0\u00a0\u00a0\u00a0\u00a0 <a href=\"https:\/\/paulocolmain.com\/?page_id=910\" title=\"Aon chro\u00ed l\u00e1n (Conamara)\">(Translation)<\/a><br \/>\n<\/strong><\/p>\n<p>Leoithne glas ag s\u00e9ideadh \u00f3 na h-oile\u00e1in,<br \/>\nna sl\u00e9ibhte daite leis an ghrian,<br \/>\nmo sc\u00e1th ag rince tr\u00edd an c\u00far\u00e1n b\u00e1n:<br \/>\nan iomarca d\u2019aon cro\u00ed l\u00e1n.<\/p>\n<p>Feoth\u00e1n suaimhneach ag feada\u00edl ceol,<br \/>\nag d\u00e9anamh macalla i mo cheann,<br \/>\namhr\u00e1n aonarach na n-\u00e9anlaithe:<br \/>\nan fhuaim is uaign\u00ed sa Domhan.<\/p>\n<p>L\u00e1n, l\u00e1n de chuimhn\u00ed,<br \/>\ntocht ar mo chro\u00ed,<br \/>\ni gConamara. Conamara.<\/p>\n<p>Ag si\u00fal go smaointeach fad an chladaigh,<br \/>\nim\u00edonn na rianta i mo dhiaidh,<br \/>\ncuireann acha\u2019n n\u00ed a ch\u00edm i gcuimhne dom:<br \/>\nd\u2019ainm, d\u2019fholt, d\u2019aoibh, d\u2019aighaidh\u2026<\/p>\n<p>L\u00e1n, l\u00e1n de chuimhn\u00ed,<br \/>\ntocht ar mo chro\u00ed,<br \/>\ni gConamara. Conamara.<\/p>\n<p>Ag cuimhneamh, \u00f3 go deo ag cuimhneamh,<br \/>\nag c\u00edoradh sm\u00f3il, ag f\u00e9achaint siar.<br \/>\nAg smaoineamh, \u00f3 go deo ag smaoineamh:<br \/>\nan t-uaigneas mar chomhluadar.<\/p>\n<p>L\u00e1n, l\u00e1n de chuimhn\u00ed,<br \/>\ntocht ar mo chro\u00ed,<br \/>\ni gConamara. Conamara.<\/p>\n","protected":false},"excerpt":{"rendered":"<p>Aon Chro\u00ed L\u00e1n (Conamara)\u00a0\u00a0\u00a0\u00a0\u00a0\u00a0\u00a0\u00a0\u00a0\u00a0\u00a0\u00a0\u00a0\u00a0 (Translation) Leoithne glas ag s\u00e9ideadh \u00f3 na h-oile\u00e1in, na sl\u00e9ibhte daite leis an ghrian, mo sc\u00e1th ag rince tr\u00edd an c\u00far\u00e1n b\u00e1n: an iomarca d\u2019aon cro\u00ed l\u00e1n. Feoth\u00e1n suaimhneach ag feada\u00edl ceol, ag d\u00e9anamh macalla i &hellip; <a href=\"https:\/\/paulocolmain.com\/?page_id=588\">Continue reading <span class=\"meta-nav\">&rarr;<\/span><\/a><\/p>\n","protected":false},"author":1,"featured_media":0,"parent":562,"menu_order":6,"comment_status":"closed","ping_status":"open","template":"","meta":{"ngg_post_thumbnail":0,"spay_email":""},"jetpack_shortlink":"https:\/\/wp.me\/P36zMW-9u","jetpack_sharing_enabled":true,"_links":{"self":[{"href":"https:\/\/paulocolmain.com\/index.php?rest_route=\/wp\/v2\/pages\/588"}],"collection":[{"href":"https:\/\/paulocolmain.com\/index.php?rest_route=\/wp\/v2\/pages"}],"about":[{"href":"https:\/\/paulocolmain.com\/index.php?rest_route=\/wp\/v2\/types\/page"}],"author":[{"embeddable":true,"href":"https:\/\/paulocolmain.com\/index.php?rest_route=\/wp\/v2\/users\/1"}],"replies":[{"embeddable":true,"href":"https:\/\/paulocolmain.com\/index.php?rest_route=%2Fwp%2Fv2%2Fcomments&post=588"}],"version-history":[{"count":2,"href":"https:\/\/paulocolmain.com\/index.php?rest_route=\/wp\/v2\/pages\/588\/revisions"}],"predecessor-version":[{"id":943,"href":"https:\/\/paulocolmain.com\/index.php?rest_route=\/wp\/v2\/pages\/588\/revisions\/943"}],"up":[{"embeddable":true,"href":"https:\/\/paulocolmain.com\/index.php?rest_route=\/wp\/v2\/pages\/562"}],"wp:attachment":[{"href":"https:\/\/paulocolmain.com\/index.php?rest_route=%2Fwp%2Fv2%2Fmedia&parent=588"}],"curies":[{"name":"wp","href":"https:\/\/api.w.org\/{rel}","templated":true}]}}

Aon chroí lán

<p><strong>Aon Chroí Lán (Conamara)               <a href="https://paulocolmain.com/?page_id=910" title="Aon chroí lán (Conamara)">(Translation)</a><br />
</strong></p>
<p>Leoithne glas ag séideadh ó na h-oileáin,<br />
na sléibhte daite leis an ghrian,<br />
mo scáth ag rince tríd an cúrán bán:<br />
an iomarca d’aon croí lán.</p>
<p>Feothán suaimhneach ag feadaíl ceol,<br />
ag déanamh macalla i mo cheann,<br />
amhrán aonarach na n-éanlaithe:<br />
an fhuaim is uaigní sa Domhan.</p>
<p>Lán, lán de chuimhní,<br />
tocht ar mo chroí,<br />
i gConamara. Conamara.</p>
<p>Ag siúl go smaointeach fad an chladaigh,<br />
imíonn na rianta i mo dhiaidh,<br />
cuireann acha’n ní a chím i gcuimhne dom:<br />
d’ainm, d’fholt, d’aoibh, d’aighaidh…</p>
<p>Lán, lán de chuimhní,<br />
tocht ar mo chroí,<br />
i gConamara. Conamara.</p>
<p>Ag cuimhneamh, ó go deo ag cuimhneamh,<br />
ag cíoradh smóil, ag féachaint siar.<br />
Ag smaoineamh, ó go deo ag smaoineamh:<br />
an t-uaigneas mar chomhluadar.</p>
<p>Lán, lán de chuimhní,<br />
tocht ar mo chroí,<br />
i gConamara. Conamara.</p>

<p>Aon Chroí Lán (Conamara)               (Translation) Leoithne glas ag séideadh ó na h-oileáin, na sléibhte daite leis an ghrian, mo scáth ag rince tríd an cúrán bán: an iomarca d’aon croí lán. Feothán suaimhneach ag feadaíl ceol, ag déanamh macalla i &hellip; <a href="https://paulocolmain.com/?page_id=588">Continue reading <span class="meta-nav">&rarr;</span></a></p>
