{"id":584,"date":"2012-03-03T18:09:41","date_gmt":"2012-03-03T18:09:41","guid":{"rendered":"https:\/\/paulocolmain.com\/?page_id=584"},"modified":"2012-03-28T13:55:50","modified_gmt":"2012-03-28T13:55:50","slug":"an-domhan-clair","status":"publish","type":"page","link":"https:\/\/paulocolmain.com\/?page_id=584","title":{"rendered":"An Domhan Cl\u00e1ir"},"content":{"rendered":"<p><strong>An Domhan Cl\u00e1ir\u00a0\u00a0\u00a0\u00a0\u00a0\u00a0\u00a0\u00a0\u00a0\u00a0\u00a0\u00a0\u00a0\u00a0\u00a0<a href=\"https:\/\/paulocolmain.com\/?page_id=907\" title=\"An Domhan cl\u00e1ir\"> (Translation)<\/a><br \/>\n<\/strong><\/p>\n<p>Do chuala glaoch choiligh mo chomharsan<br \/>\ngo luath maidin inn\u00e9.<br \/>\nDo chuala a thua laistall den choill<br \/>\n\u2018s anois t\u00e1im ar mo shl\u00ed.<br \/>\nIs fearr le chuid na soilse gile.<br \/>\nB\u00edonn an baile \u00f3 chuid mhaith leis.<br \/>\nAch, mise, t\u00e1im ag si\u00fal \u2018dt\u00ed an \u00e1it iarg\u00falta<br \/>\n\u2018Is n\u00ed thiocfaidh m\u00e9 thar nais.<\/p>\n<p>Le m\u2019fhidil \u2018is mo bhogha cois \u2018n tine bheo,<br \/>\ncloistear an fhuaim l\u00e9anmhar.<br \/>\n\u00d3 f\u00e1gfad sl\u00e1n ag mo shaol leadr\u00e1nach<br \/>\n\u2018is si\u00falfad an domhan cl\u00e1ir.<\/p>\n<p>Ainmh\u00ed c\u00fathail \u2018sea an madra rua,<br \/>\nMaireann an fiolar \u00ed gc\u00e9in;<br \/>\nM\u00edle mh\u00edle \u00f3n dteach deireanach<br \/>\na th\u00f3gfad mo thig\u00edn f\u00e9in.<br \/>\nChonaic m\u00e9 an tr\u00e1cht sa chathair mh\u00f3r,<br \/>\nDo chuala a\u2019 torm\u00e1n,<br \/>\nBaileoidh m\u00e9 liom i dtreo na sl\u00e9ibhte donn<br \/>\n\u2018Is cuirfidh m\u00e9 f\u00fam ansan.<\/p>\n<p>Le m\u2019fhidil \u2018is mo bhogha cois \u2018n tine bheo,<br \/>\ncloistear an fhuaim l\u00e9anmhar.<br \/>\n\u00d3 f\u00e1gfad sl\u00e1n ag mo shaol leadr\u00e1nach<br \/>\n\u2018is si\u00falfad an domhan cl\u00e1ir.<\/p>\n","protected":false},"excerpt":{"rendered":"<p>An Domhan Cl\u00e1ir\u00a0\u00a0\u00a0\u00a0\u00a0\u00a0\u00a0\u00a0\u00a0\u00a0\u00a0\u00a0\u00a0\u00a0\u00a0 (Translation) Do chuala glaoch choiligh mo chomharsan go luath maidin inn\u00e9. Do chuala a thua laistall den choill \u2018s anois t\u00e1im ar mo shl\u00ed. Is fearr le chuid na soilse gile. B\u00edonn an baile \u00f3 chuid mhaith &hellip; <a href=\"https:\/\/paulocolmain.com\/?page_id=584\">Continue reading <span class=\"meta-nav\">&rarr;<\/span><\/a><\/p>\n","protected":false},"author":1,"featured_media":0,"parent":558,"menu_order":2,"comment_status":"closed","ping_status":"open","template":"","meta":{"ngg_post_thumbnail":0,"spay_email":""},"jetpack_shortlink":"https:\/\/wp.me\/P36zMW-9q","jetpack_sharing_enabled":true,"_links":{"self":[{"href":"https:\/\/paulocolmain.com\/index.php?rest_route=\/wp\/v2\/pages\/584"}],"collection":[{"href":"https:\/\/paulocolmain.com\/index.php?rest_route=\/wp\/v2\/pages"}],"about":[{"href":"https:\/\/paulocolmain.com\/index.php?rest_route=\/wp\/v2\/types\/page"}],"author":[{"embeddable":true,"href":"https:\/\/paulocolmain.com\/index.php?rest_route=\/wp\/v2\/users\/1"}],"replies":[{"embeddable":true,"href":"https:\/\/paulocolmain.com\/index.php?rest_route=%2Fwp%2Fv2%2Fcomments&post=584"}],"version-history":[{"count":2,"href":"https:\/\/paulocolmain.com\/index.php?rest_route=\/wp\/v2\/pages\/584\/revisions"}],"predecessor-version":[{"id":937,"href":"https:\/\/paulocolmain.com\/index.php?rest_route=\/wp\/v2\/pages\/584\/revisions\/937"}],"up":[{"embeddable":true,"href":"https:\/\/paulocolmain.com\/index.php?rest_route=\/wp\/v2\/pages\/558"}],"wp:attachment":[{"href":"https:\/\/paulocolmain.com\/index.php?rest_route=%2Fwp%2Fv2%2Fmedia&parent=584"}],"curies":[{"name":"wp","href":"https:\/\/api.w.org\/{rel}","templated":true}]}}

An Domhan Cláir

<p><strong>An Domhan Cláir               <a href="https://paulocolmain.com/?page_id=907" title="An Domhan cláir"> (Translation)</a><br />
</strong></p>
<p>Do chuala glaoch choiligh mo chomharsan<br />
go luath maidin inné.<br />
Do chuala a thua laistall den choill<br />
‘s anois táim ar mo shlí.<br />
Is fearr le chuid na soilse gile.<br />
Bíonn an baile ó chuid mhaith leis.<br />
Ach, mise, táim ag siúl ‘dtí an áit iargúlta<br />
‘Is ní thiocfaidh mé thar nais.</p>
<p>Le m’fhidil ‘is mo bhogha cois ‘n tine bheo,<br />
cloistear an fhuaim léanmhar.<br />
Ó fágfad slán ag mo shaol leadránach<br />
‘is siúlfad an domhan cláir.</p>
<p>Ainmhí cúthail ‘sea an madra rua,<br />
Maireann an fiolar í gcéin;<br />
Míle mhíle ón dteach deireanach<br />
a thógfad mo thigín féin.<br />
Chonaic mé an trácht sa chathair mhór,<br />
Do chuala a’ tormán,<br />
Baileoidh mé liom i dtreo na sléibhte donn<br />
‘Is cuirfidh mé fúm ansan.</p>
<p>Le m’fhidil ‘is mo bhogha cois ‘n tine bheo,<br />
cloistear an fhuaim léanmhar.<br />
Ó fágfad slán ag mo shaol leadránach<br />
‘is siúlfad an domhan cláir.</p>

<p>An Domhan Cláir                (Translation) Do chuala glaoch choiligh mo chomharsan go luath maidin inné. Do chuala a thua laistall den choill ‘s anois táim ar mo shlí. Is fearr le chuid na soilse gile. Bíonn an baile ó chuid mhaith &hellip; <a href="https://paulocolmain.com/?page_id=584">Continue reading <span class="meta-nav">&rarr;</span></a></p>
