{"id":582,"date":"2012-03-03T18:07:21","date_gmt":"2012-03-03T18:07:21","guid":{"rendered":"https:\/\/paulocolmain.com\/?page_id=582"},"modified":"2012-03-28T21:42:33","modified_gmt":"2012-03-28T21:42:33","slug":"adhmad-farraige","status":"publish","type":"page","link":"https:\/\/paulocolmain.com\/?page_id=582","title":{"rendered":"Adhmad Farraige"},"content":{"rendered":"<p><strong>Adhmad Farraige\u00a0\u00a0\u00a0\u00a0\u00a0\u00a0\u00a0\u00a0\u00a0\u00a0\u00a0\u00a0\u00a0\u00a0 <a href=\"https:\/\/paulocolmain.com\/?page_id=905\" title=\"Adhmad farraige\">(Translation)<\/a><br \/>\n<\/strong><\/p>\n<p>Chonaic m\u00e9 long ag seol\u2019, ag seol\u2019,<br \/>\nAg seol\u2019 go tiubh thar muir.<br \/>\nA tosach ar aghaidh \u00e9ir\u00ed na gr\u00e9ine<br \/>\nIs \u00ed ag luathadh soir.<br \/>\nIs \u00ed ag luathadh soir.<\/p>\n<p>Chonaic m\u00e9 long ollmh\u00f3r ag seol\u2019,<br \/>\n\u00e1g pl\u00e9ascadh tr\u00edd an gc\u00far:<br \/>\nTaisteala\u00ed tapaidh, tailc \u2018is teann,<br \/>\nAg seol\u2019 go scaf\u00e1nta siar.<br \/>\nAg seol go scaf\u00e1nta siar.<\/p>\n<p>Agus m\u00e9 i m\u2019aonar ar tr\u00e1 le tn\u00fath,<br \/>\nAg amharc ar na longa ag taisteal go deo,<br \/>\nGan fhios, gan sp\u00e9is, gan aire ionamsa,<br \/>\nAn t-amhmad farraige fr\u00e9amach seo.<\/p>\n<p>Chonaic m\u00e9 long chi\u00fain, chaoin ag seol\u2019,<br \/>\nAg sleamhn\u00fa idir m\u00e9 agus l\u00e9as:<br \/>\nSoitheach samhailteach, saolta, saor,<br \/>\nAg seol\u2019 go suaimhneach \u00f3 dheas.<br \/>\nAg seol\u2019 go suaimhneach \u00f3 dheas.<\/p>\n<p>Agus m\u00e9 i m\u2019aonar ar tr\u00e1 le tn\u00fath,<br \/>\nAg amharc ar na longa ag taisteal go deo,<br \/>\nGan fhios, gan sp\u00e9is, gan aire ionamsa,<br \/>\nAn t-amhmad farraige fr\u00e9amach seo.<\/p>\n<p>Is chonaic m\u00e9 long bhr\u00f3d\u00fail ag seol\u2019,<br \/>\nM\u00f3rch\u00faiseach, maisi\u00fail, m\u00edn.<br \/>\n\u2018s gn\u00f3 t\u00e1bhachtach aici sa deisceart<br \/>\nIn aiteanna le ainmneacha binn.<br \/>\nIn \u00e1iteanna le ainmneacha binn.<\/p>\n<p>Agus m\u00e9 i m\u2019aonar ar tr\u00e1 le tn\u00fath,<br \/>\nAg amharc ar na longa ag taisteal go deo,<br \/>\nGan fhios, gan sp\u00e9is, gan aire ionamsa,<br \/>\nAn t-amhmad farraige fr\u00e9amach seo.<\/p>\n","protected":false},"excerpt":{"rendered":"<p>Adhmad Farraige\u00a0\u00a0\u00a0\u00a0\u00a0\u00a0\u00a0\u00a0\u00a0\u00a0\u00a0\u00a0\u00a0\u00a0 (Translation) Chonaic m\u00e9 long ag seol\u2019, ag seol\u2019, Ag seol\u2019 go tiubh thar muir. A tosach ar aghaidh \u00e9ir\u00ed na gr\u00e9ine Is \u00ed ag luathadh soir. Is \u00ed ag luathadh soir. Chonaic m\u00e9 long ollmh\u00f3r ag seol\u2019, \u00e1g &hellip; <a href=\"https:\/\/paulocolmain.com\/?page_id=582\">Continue reading <span class=\"meta-nav\">&rarr;<\/span><\/a><\/p>\n","protected":false},"author":1,"featured_media":0,"parent":560,"menu_order":3,"comment_status":"closed","ping_status":"open","template":"","meta":{"ngg_post_thumbnail":0,"spay_email":""},"jetpack_shortlink":"https:\/\/wp.me\/P36zMW-9o","jetpack_sharing_enabled":true,"_links":{"self":[{"href":"https:\/\/paulocolmain.com\/index.php?rest_route=\/wp\/v2\/pages\/582"}],"collection":[{"href":"https:\/\/paulocolmain.com\/index.php?rest_route=\/wp\/v2\/pages"}],"about":[{"href":"https:\/\/paulocolmain.com\/index.php?rest_route=\/wp\/v2\/types\/page"}],"author":[{"embeddable":true,"href":"https:\/\/paulocolmain.com\/index.php?rest_route=\/wp\/v2\/users\/1"}],"replies":[{"embeddable":true,"href":"https:\/\/paulocolmain.com\/index.php?rest_route=%2Fwp%2Fv2%2Fcomments&post=582"}],"version-history":[{"count":2,"href":"https:\/\/paulocolmain.com\/index.php?rest_route=\/wp\/v2\/pages\/582\/revisions"}],"predecessor-version":[{"id":942,"href":"https:\/\/paulocolmain.com\/index.php?rest_route=\/wp\/v2\/pages\/582\/revisions\/942"}],"up":[{"embeddable":true,"href":"https:\/\/paulocolmain.com\/index.php?rest_route=\/wp\/v2\/pages\/560"}],"wp:attachment":[{"href":"https:\/\/paulocolmain.com\/index.php?rest_route=%2Fwp%2Fv2%2Fmedia&parent=582"}],"curies":[{"name":"wp","href":"https:\/\/api.w.org\/{rel}","templated":true}]}}