{"id":560,"date":"2012-03-03T17:33:01","date_gmt":"2012-03-03T17:33:01","guid":{"rendered":"https:\/\/paulocolmain.com\/?page_id=560"},"modified":"2020-04-22T09:16:03","modified_gmt":"2020-04-22T09:16:03","slug":"faoi-she-lyrics","status":"publish","type":"page","link":"https:\/\/paulocolmain.com\/?page_id=560","title":{"rendered":"Faoi sh\u00e9 (liric\u00ed\/lyrics)"},"content":{"rendered":"<p><strong>Faoi Sh\u00e9\u00a0<\/strong><\/p>\n<p>Is tioms\u00fa \u00e9 seo de <em>chuid<\/em> de m&#8217;amhr\u00e1in as Gaeilge.<br \/>\nThis is a compilation of <em>some<\/em> of my songs in Irish (Gaelic).<\/p>\n<p><a title=\"Aon chro\u00ed l\u00e1n\" href=\"https:\/\/paulocolmain.com\/?page_id=588\">Aon chro\u00ed l\u00e1n (Conamara)<\/a>\u00a0\u00a0\u00a0\u00a0\u00a0\u00a0\u00a0\u00a0\u00a0 ( <em>Looking to the Underneath<\/em> )<br \/>\n<a title=\"Si\u00fail Amach an Doras\" href=\"https:\/\/paulocolmain.com\/?page_id=639\">Si\u00fail amach an Doras\u00a0\u00a0<\/a>\u00a0\u00a0\u00a0\u00a0\u00a0\u00a0\u00a0\u00a0\u00a0\u00a0\u00a0\u00a0\u00a0\u00a0\u00a0\u00a0 ( <em>R\u00e9alta &#8217;99<\/em> (RTE 228CD) )<br \/>\n<a title=\"Oighreata\" href=\"https:\/\/paulocolmain.com\/?page_id=670\">Oighreata\u00a0<\/a>\u00a0\u00a0\u00a0\u00a0\u00a0\u00a0\u00a0\u00a0\u00a0\u00a0\u00a0\u00a0\u00a0\u00a0\u00a0\u00a0\u00a0\u00a0\u00a0\u00a0\u00a0\u00a0\u00a0\u00a0\u00a0\u00a0\u00a0\u00a0\u00a0\u00a0\u00a0\u00a0\u00a0\u00a0\u00a0\u00a0\u00a0\u00a0 ( <em>Looking to the <a title=\"Adhmad Farraige\" href=\"https:\/\/paulocolmain.com\/?page_id=582\">Underneath<\/a><\/em><a title=\"Adhmad Farraige\" href=\"https:\/\/paulocolmain.com\/?page_id=582\"> )<br \/>\nAdhmad Farraige\u00a0<\/a>\u00a0\u00a0\u00a0\u00a0\u00a0\u00a0\u00a0\u00a0\u00a0\u00a0\u00a0\u00a0\u00a0\u00a0\u00a0\u00a0\u00a0\u00a0\u00a0\u00a0\u00a0\u00a0\u00a0\u00a0 ( <em>R\u00e9alta 2001<\/em> (RTE 241CD) )<br \/>\n<a title=\"An Domhan Cl\u00e1ir\" href=\"https:\/\/paulocolmain.com\/?page_id=584\">An Domhan Cl\u00e1ir\u00a0<\/a>\u00a0\u00a0\u00a0\u00a0\u00a0\u00a0\u00a0\u00a0\u00a0\u00a0\u00a0\u00a0\u00a0\u00a0\u00a0\u00a0\u00a0\u00a0\u00a0\u00a0\u00a0\u00a0\u00a0\u00a0 ( <em>Dancing from the knees up<\/em> )<br \/>\n<a title=\"D\u2019iompaigh m\u00e9\" href=\"https:\/\/paulocolmain.com\/?page_id=600\">D&#8217;iompaigh m\u00e9\u00a0\u00a0<\/a>\u00a0\u00a0\u00a0\u00a0\u00a0\u00a0\u00a0\u00a0\u00a0\u00a0\u00a0\u00a0\u00a0\u00a0\u00a0\u00a0\u00a0\u00a0\u00a0\u00a0\u00a0\u00a0\u00a0\u00a0\u00a0\u00a0\u00a0 ( <em>Dancing from the knees up )<\/em><\/p>\n","protected":false},"excerpt":{"rendered":"<p>Faoi Sh\u00e9\u00a0 Is tioms\u00fa \u00e9 seo de chuid de m&#8217;amhr\u00e1in as Gaeilge. This is a compilation of some of my songs in Irish (Gaelic). Aon chro\u00ed l\u00e1n (Conamara)\u00a0\u00a0\u00a0\u00a0\u00a0\u00a0\u00a0\u00a0\u00a0 ( Looking to the Underneath ) Si\u00fail amach an Doras\u00a0\u00a0\u00a0\u00a0\u00a0\u00a0\u00a0\u00a0\u00a0\u00a0\u00a0\u00a0\u00a0\u00a0\u00a0\u00a0\u00a0\u00a0 ( R\u00e9alta &hellip; <a href=\"https:\/\/paulocolmain.com\/?page_id=560\">Continue reading <span class=\"meta-nav\">&rarr;<\/span><\/a><\/p>\n","protected":false},"author":1,"featured_media":0,"parent":556,"menu_order":4,"comment_status":"closed","ping_status":"open","template":"","meta":{"ngg_post_thumbnail":0,"spay_email":""},"jetpack_shortlink":"https:\/\/wp.me\/P36zMW-92","jetpack_sharing_enabled":true,"_links":{"self":[{"href":"https:\/\/paulocolmain.com\/index.php?rest_route=\/wp\/v2\/pages\/560"}],"collection":[{"href":"https:\/\/paulocolmain.com\/index.php?rest_route=\/wp\/v2\/pages"}],"about":[{"href":"https:\/\/paulocolmain.com\/index.php?rest_route=\/wp\/v2\/types\/page"}],"author":[{"embeddable":true,"href":"https:\/\/paulocolmain.com\/index.php?rest_route=\/wp\/v2\/users\/1"}],"replies":[{"embeddable":true,"href":"https:\/\/paulocolmain.com\/index.php?rest_route=%2Fwp%2Fv2%2Fcomments&post=560"}],"version-history":[{"count":5,"href":"https:\/\/paulocolmain.com\/index.php?rest_route=\/wp\/v2\/pages\/560\/revisions"}],"predecessor-version":[{"id":3926,"href":"https:\/\/paulocolmain.com\/index.php?rest_route=\/wp\/v2\/pages\/560\/revisions\/3926"}],"up":[{"embeddable":true,"href":"https:\/\/paulocolmain.com\/index.php?rest_route=\/wp\/v2\/pages\/556"}],"wp:attachment":[{"href":"https:\/\/paulocolmain.com\/index.php?rest_route=%2Fwp%2Fv2%2Fmedia&parent=560"}],"curies":[{"name":"wp","href":"https:\/\/api.w.org\/{rel}","templated":true}]}}

Faoi shé (liricí/lyrics)

<p><strong>Faoi Shé </strong></p>
<p>Is tiomsú é seo de <em>chuid</em> de m&#8217;amhráin as Gaeilge.<br />
This is a compilation of <em>some</em> of my songs in Irish (Gaelic).</p>
<p><a title="Aon chroí lán" href="https://paulocolmain.com/?page_id=588">Aon chroí lán (Conamara)</a>          ( <em>Looking to the Underneath</em> )<br />
<a title="Siúil Amach an Doras" href="https://paulocolmain.com/?page_id=639">Siúil amach an Doras  </a>                 ( <em>Réalta &#8217;99</em> (RTE 228CD) )<br />
<a title="Oighreata" href="https://paulocolmain.com/?page_id=670">Oighreata </a>                                       ( <em>Looking to the <a title="Adhmad Farraige" href="https://paulocolmain.com/?page_id=582">Underneath</a></em><a title="Adhmad Farraige" href="https://paulocolmain.com/?page_id=582"> )<br />
Adhmad Farraige </a>                         ( <em>Réalta 2001</em> (RTE 241CD) )<br />
<a title="An Domhan Cláir" href="https://paulocolmain.com/?page_id=584">An Domhan Cláir </a>                         ( <em>Dancing from the knees up</em> )<br />
<a title="D’iompaigh mé" href="https://paulocolmain.com/?page_id=600">D&#8217;iompaigh mé  </a>                            ( <em>Dancing from the knees up )</em></p>

<p>Faoi Shé  Is tiomsú é seo de chuid de m&#8217;amhráin as Gaeilge. This is a compilation of some of my songs in Irish (Gaelic). Aon chroí lán (Conamara)          ( Looking to the Underneath ) Siúil amach an Doras                   ( Réalta &hellip; <a href="https://paulocolmain.com/?page_id=560">Continue reading <span class="meta-nav">&rarr;</span></a></p>
