{"id":556,"date":"2012-03-03T17:25:59","date_gmt":"2012-03-03T17:25:59","guid":{"rendered":"https:\/\/paulocolmain.com\/?page_id=556"},"modified":"2020-04-22T10:06:29","modified_gmt":"2020-04-22T10:06:29","slug":"lyrics","status":"publish","type":"page","link":"https:\/\/paulocolmain.com\/?page_id=556","title":{"rendered":"Lyrics"},"content":{"rendered":"<p>Is bre\u00e1 liom f\u00e9in i gc\u00f3na\u00ed na liric\u00ed a fheiscint, a l\u00e9amh is a ions\u00fa&#8230;is f\u00e9dir leat anseo!<br \/>For those of you who, like me, like, need, want to have, see, read, absorb, digest, marvel at the lyrics of songs, here you can!\u00a0<\/p>\n<p><strong>Albums:<\/strong><\/p>\n<p><strong><a href=\"https:\/\/paulocolmain.com\/?page_id=3894\">&#8230;agus Suantra\u00ed<\/a><\/strong><\/p>\n<p><strong><a href=\"https:\/\/paulocolmain.com\/?page_id=2115\">Geantra\u00ed, Goltra\u00ed&#8230;<\/a><\/strong><\/p>\n<p><a title=\"Turas (lyrics)\" href=\"https:\/\/paulocolmain.com\/?page_id=566\"><strong>Turas<\/strong><\/a><\/p>\n<p><a title=\"NOW, that\u2019s what I call RANTING! Vol.1 (lyrics)\" href=\"https:\/\/paulocolmain.com\/?page_id=564\"><strong>NOW,that&#8217;s what I call RANTING!Vol.1<\/strong><\/a><\/p>\n<p><a title=\"Faoi sh\u00e9 (lyrics)\" href=\"https:\/\/paulocolmain.com\/?page_id=560\"><strong>Faoi sh\u00e9\u00a0<\/strong><\/a><\/p>\n<p><strong><a title=\"Looking to the Underneath (lyrics)\" href=\"https:\/\/paulocolmain.com\/?page_id=562\"><strong>Looking to the Underneath\u00a0 \u00a0<\/strong><\/a><\/strong><\/p>\n<p><a title=\"Dancing from the knees up (lyrics)\" href=\"https:\/\/paulocolmain.com\/?page_id=558\"><strong>Dancing from the knees up<\/strong><\/a><\/p>\n<p>\u00a0<\/p>\n\n\n<p><\/p>\n","protected":false},"excerpt":{"rendered":"<p>Is bre\u00e1 liom f\u00e9in i gc\u00f3na\u00ed na liric\u00ed a fheiscint, a l\u00e9amh is a ions\u00fa&#8230;is f\u00e9dir leat anseo!For those of you who, like me, like, need, want to have, see, read, absorb, digest, marvel at the lyrics of songs, here &hellip; <a href=\"https:\/\/paulocolmain.com\/?page_id=556\">Continue reading <span class=\"meta-nav\">&rarr;<\/span><\/a><\/p>\n","protected":false},"author":1,"featured_media":0,"parent":8,"menu_order":3,"comment_status":"closed","ping_status":"open","template":"","meta":{"ngg_post_thumbnail":0,"spay_email":""},"jetpack_shortlink":"https:\/\/wp.me\/P36zMW-8Y","jetpack_sharing_enabled":true,"_links":{"self":[{"href":"https:\/\/paulocolmain.com\/index.php?rest_route=\/wp\/v2\/pages\/556"}],"collection":[{"href":"https:\/\/paulocolmain.com\/index.php?rest_route=\/wp\/v2\/pages"}],"about":[{"href":"https:\/\/paulocolmain.com\/index.php?rest_route=\/wp\/v2\/types\/page"}],"author":[{"embeddable":true,"href":"https:\/\/paulocolmain.com\/index.php?rest_route=\/wp\/v2\/users\/1"}],"replies":[{"embeddable":true,"href":"https:\/\/paulocolmain.com\/index.php?rest_route=%2Fwp%2Fv2%2Fcomments&post=556"}],"version-history":[{"count":16,"href":"https:\/\/paulocolmain.com\/index.php?rest_route=\/wp\/v2\/pages\/556\/revisions"}],"predecessor-version":[{"id":3934,"href":"https:\/\/paulocolmain.com\/index.php?rest_route=\/wp\/v2\/pages\/556\/revisions\/3934"}],"up":[{"embeddable":true,"href":"https:\/\/paulocolmain.com\/index.php?rest_route=\/wp\/v2\/pages\/8"}],"wp:attachment":[{"href":"https:\/\/paulocolmain.com\/index.php?rest_route=%2Fwp%2Fv2%2Fmedia&parent=556"}],"curies":[{"name":"wp","href":"https:\/\/api.w.org\/{rel}","templated":true}]}}