{"id":3894,"date":"2020-04-22T08:22:30","date_gmt":"2020-04-22T08:22:30","guid":{"rendered":"https:\/\/paulocolmain.com\/?page_id=3894"},"modified":"2020-04-22T13:42:41","modified_gmt":"2020-04-22T13:42:41","slug":"agus-suantrai-lirici-lyrics","status":"publish","type":"page","link":"https:\/\/paulocolmain.com\/?page_id=3894","title":{"rendered":"&#8230;agus Suantra\u00ed (liric\u00ed\/lyrics)"},"content":{"rendered":"\n<p><strong>&#8230;agus Suantra\u00ed<\/strong> &nbsp;&nbsp;&nbsp;&nbsp;&nbsp;&nbsp; (2020) CD\/FFR\/POC\/07<\/p>\n\n\n\n<p><a href=\"https:\/\/paulocolmain.com\/?page_id=3899\">1. Dh\u00fais\u00edos ar\u00e9ir<\/a><br><a href=\"https:\/\/paulocolmain.com\/?page_id=3902\">2. N\u00e9alta suain<\/a><br><a href=\"https:\/\/paulocolmain.com\/?page_id=600\">3. D&#8217;iompaigh m\u00e9<\/a><br><a href=\"https:\/\/paulocolmain.com\/?page_id=3905\">4. Amhr\u00e1n an Iascaire<\/a><br><a href=\"https:\/\/paulocolmain.com\/?page_id=670\">5. Oighreata<\/a><br><a href=\"https:\/\/paulocolmain.com\/?page_id=3910\">7. Is duilleoga tirime mo chuid smaointe<\/a>                                                               <a href=\"https:\/\/paulocolmain.com\/?page_id=2155\">8. Suantra\u00ed<\/a><\/p>\n","protected":false},"excerpt":{"rendered":"<p>&#8230;agus Suantra\u00ed &nbsp;&nbsp;&nbsp;&nbsp;&nbsp;&nbsp; (2020) CD\/FFR\/POC\/07 1. Dh\u00fais\u00edos ar\u00e9ir2. N\u00e9alta suain3. D&#8217;iompaigh m\u00e94. Amhr\u00e1n an Iascaire5. Oighreata7. Is duilleoga tirime mo chuid smaointe 8. Suantra\u00ed<\/p>\n","protected":false},"author":1,"featured_media":0,"parent":556,"menu_order":1,"comment_status":"closed","ping_status":"closed","template":"","meta":{"ngg_post_thumbnail":0,"spay_email":""},"jetpack_shortlink":"https:\/\/wp.me\/P36zMW-10O","jetpack_sharing_enabled":true,"_links":{"self":[{"href":"https:\/\/paulocolmain.com\/index.php?rest_route=\/wp\/v2\/pages\/3894"}],"collection":[{"href":"https:\/\/paulocolmain.com\/index.php?rest_route=\/wp\/v2\/pages"}],"about":[{"href":"https:\/\/paulocolmain.com\/index.php?rest_route=\/wp\/v2\/types\/page"}],"author":[{"embeddable":true,"href":"https:\/\/paulocolmain.com\/index.php?rest_route=\/wp\/v2\/users\/1"}],"replies":[{"embeddable":true,"href":"https:\/\/paulocolmain.com\/index.php?rest_route=%2Fwp%2Fv2%2Fcomments&post=3894"}],"version-history":[{"count":7,"href":"https:\/\/paulocolmain.com\/index.php?rest_route=\/wp\/v2\/pages\/3894\/revisions"}],"predecessor-version":[{"id":3916,"href":"https:\/\/paulocolmain.com\/index.php?rest_route=\/wp\/v2\/pages\/3894\/revisions\/3916"}],"up":[{"embeddable":true,"href":"https:\/\/paulocolmain.com\/index.php?rest_route=\/wp\/v2\/pages\/556"}],"wp:attachment":[{"href":"https:\/\/paulocolmain.com\/index.php?rest_route=%2Fwp%2Fv2%2Fmedia&parent=3894"}],"curies":[{"name":"wp","href":"https:\/\/api.w.org\/{rel}","templated":true}]}}