{"id":2132,"date":"2015-04-08T12:56:03","date_gmt":"2015-04-08T12:56:03","guid":{"rendered":"https:\/\/paulocolmain.com\/?page_id=2132"},"modified":"2015-04-09T11:16:43","modified_gmt":"2015-04-09T11:16:43","slug":"ag-lionadh-mo-chroi","status":"publish","type":"page","link":"https:\/\/paulocolmain.com\/?page_id=2132","title":{"rendered":"Ag l\u00edonadh mo chro\u00ed"},"content":{"rendered":"<p>T\u00e1 s\u00e9 san fheoth\u00e1n ag teacht \u00f3 na sl\u00e9ibhte,\u00a0\u00a0\u00a0\u00a0\u00a0\u00a0\u00a0\u00a0\u00a0\u00a0\u00a0\u00a0\u00a0\u00a0\u00a0\u00a0\u00a0\u00a0\u00a0\u00a0\u00a0\u00a0\u00a0\u00a0\u00a0\u00a0\u00a0\u00a0\u00a0\u00a0\u00a0 <a href=\"https:\/\/paulocolmain.com\/?page_id=2149\" title=\"Ag l\u00edonadh mo chro\u00ed\">Translation<\/a><br \/>\n\u2018s\u00e9 i mboladh na mara san ghaoth,<br \/>\n\u2018s\u00e9 \u2018n \u00f3r geal an aitinn gl\u00e9bhu\u00ed ar cnoc\u00e1n<br \/>\nagus t\u00e1 s\u00e9 ag l\u00edonadh mo chro\u00ed.<\/p>\n<p>T\u00e1 s\u00e9 i miongh\u00e1ire ph\u00e1iste ag s\u00fagradh,<br \/>\n\u2018s\u00e9 san splanc sin i s\u00fail sheanfhir,<br \/>\n\u2018s\u00e9 sa bhriongl\u00f3id a ghorann t\u00fa ar dh\u00faiseacht duit,<br \/>\nan rud a phollainn tr\u00ed do chro\u00ed mar bhior.<\/p>\n<p>Is damhsa an eorna i leoithne \u00e9,<br \/>\ns\u00e9 \u2018n tintreach i l\u00e1r na ho\u00edche,<br \/>\n\u2018s\u00e9 san ghealach gheal os cionn na tsaile,<br \/>\nagus t\u00e1 s\u00e9 ag l\u00edonadh mo chro\u00ed.<\/p>\n<p>T\u00e1 s\u00e9 sa ch\u00e9adsheasamh tuisleach an shearraigh,<br \/>\n\u2018s\u00e9 sa ruathar an tseabhaic san aer,<br \/>\n\u2018s\u00e9 \u2018n spleachadh mhadra rua le h\u00e9ir\u00ed na gr\u00e9ine,<br \/>\nagus l\u00edontar mo smaointe go l\u00e9ir.<\/p>\n<p>\u00c1\u00e1\u00e1\u00e1, \u00e9ir\u00edonn \u2018is eitl\u00edonn \u2018is arda\u00edonn s\u00e9,<br \/>\nBuaneitilt san aer,<br \/>\nLonra\u00edonn \u2018is dealra\u00edonn \u2018is drithl\u00edonn s\u00e9,<br \/>\nMar r\u00e9il\u00edn sa sp\u00e9ir,<br \/>\nAnam-o\u00edche:<br \/>\nSoils\u00edonn s\u00e9&#8230;<\/p>\n<p>Is f\u00f3rsa \u00e9 le cumhacht dochlo\u00edte,<br \/>\nm\u00edcheansa, neamhaoiseach, cean\u00fail,<br \/>\n\u2018\u2019is t\u00e1im ag f\u00e1gaint mo ch\u00e9adfa\u00ed ar oscailt<br \/>\nagus t\u00e1 siad \u00e1 l\u00edonadh go dl\u00fath.<\/p>\n","protected":false},"excerpt":{"rendered":"<p>T\u00e1 s\u00e9 san fheoth\u00e1n ag teacht \u00f3 na sl\u00e9ibhte,\u00a0\u00a0\u00a0\u00a0\u00a0\u00a0\u00a0\u00a0\u00a0\u00a0\u00a0\u00a0\u00a0\u00a0\u00a0\u00a0\u00a0\u00a0\u00a0\u00a0\u00a0\u00a0\u00a0\u00a0\u00a0\u00a0\u00a0\u00a0\u00a0\u00a0\u00a0 Translation \u2018s\u00e9 i mboladh na mara san ghaoth, \u2018s\u00e9 \u2018n \u00f3r geal an aitinn gl\u00e9bhu\u00ed ar cnoc\u00e1n agus t\u00e1 s\u00e9 ag l\u00edonadh mo chro\u00ed. T\u00e1 s\u00e9 i miongh\u00e1ire ph\u00e1iste ag s\u00fagradh, &hellip; <a href=\"https:\/\/paulocolmain.com\/?page_id=2132\">Continue reading <span class=\"meta-nav\">&rarr;<\/span><\/a><\/p>\n","protected":false},"author":1,"featured_media":0,"parent":2115,"menu_order":5,"comment_status":"closed","ping_status":"open","template":"","meta":{"ngg_post_thumbnail":0,"spay_email":""},"jetpack_shortlink":"https:\/\/wp.me\/P36zMW-yo","jetpack_sharing_enabled":true,"_links":{"self":[{"href":"https:\/\/paulocolmain.com\/index.php?rest_route=\/wp\/v2\/pages\/2132"}],"collection":[{"href":"https:\/\/paulocolmain.com\/index.php?rest_route=\/wp\/v2\/pages"}],"about":[{"href":"https:\/\/paulocolmain.com\/index.php?rest_route=\/wp\/v2\/types\/page"}],"author":[{"embeddable":true,"href":"https:\/\/paulocolmain.com\/index.php?rest_route=\/wp\/v2\/users\/1"}],"replies":[{"embeddable":true,"href":"https:\/\/paulocolmain.com\/index.php?rest_route=%2Fwp%2Fv2%2Fcomments&post=2132"}],"version-history":[{"count":2,"href":"https:\/\/paulocolmain.com\/index.php?rest_route=\/wp\/v2\/pages\/2132\/revisions"}],"predecessor-version":[{"id":2162,"href":"https:\/\/paulocolmain.com\/index.php?rest_route=\/wp\/v2\/pages\/2132\/revisions\/2162"}],"up":[{"embeddable":true,"href":"https:\/\/paulocolmain.com\/index.php?rest_route=\/wp\/v2\/pages\/2115"}],"wp:attachment":[{"href":"https:\/\/paulocolmain.com\/index.php?rest_route=%2Fwp%2Fv2%2Fmedia&parent=2132"}],"curies":[{"name":"wp","href":"https:\/\/api.w.org\/{rel}","templated":true}]}}

Ag líonadh mo chroí

<p>Tá sé san fheothán ag teacht ó na sléibhte,                                <a href="https://paulocolmain.com/?page_id=2149" title="Ag líonadh mo chroí">Translation</a><br />
‘sé i mboladh na mara san ghaoth,<br />
‘sé ‘n ór geal an aitinn glébhuí ar cnocán<br />
agus tá sé ag líonadh mo chroí.</p>
<p>Tá sé i miongháire pháiste ag súgradh,<br />
‘sé san splanc sin i súil sheanfhir,<br />
‘sé sa bhrionglóid a ghorann tú ar dhúiseacht duit,<br />
an rud a phollainn trí do chroí mar bhior.</p>
<p>Is damhsa an eorna i leoithne é,<br />
sé ‘n tintreach i lár na hoíche,<br />
‘sé san ghealach gheal os cionn na tsaile,<br />
agus tá sé ag líonadh mo chroí.</p>
<p>Tá sé sa chéadsheasamh tuisleach an shearraigh,<br />
‘sé sa ruathar an tseabhaic san aer,<br />
‘sé ‘n spleachadh mhadra rua le héirí na gréine,<br />
agus líontar mo smaointe go léir.</p>
<p>Áááá, éiríonn ‘is eitlíonn ‘is ardaíonn sé,<br />
Buaneitilt san aer,<br />
Lonraíonn ‘is dealraíonn ‘is drithlíonn sé,<br />
Mar réilín sa spéir,<br />
Anam-oíche:<br />
Soilsíonn sé&#8230;</p>
<p>Is fórsa é le cumhacht dochloíte,<br />
mícheansa, neamhaoiseach, ceanúil,<br />
‘’is táim ag fágaint mo chéadfaí ar oscailt<br />
agus tá siad á líonadh go dlúth.</p>

<p>Tá sé san fheothán ag teacht ó na sléibhte,                                Translation ‘sé i mboladh na mara san ghaoth, ‘sé ‘n ór geal an aitinn glébhuí ar cnocán agus tá sé ag líonadh mo chroí. Tá sé i miongháire pháiste ag súgradh, &hellip; <a href="https://paulocolmain.com/?page_id=2132">Continue reading <span class="meta-nav">&rarr;</span></a></p>
