{"id":2115,"date":"2015-04-08T12:05:12","date_gmt":"2015-04-08T12:05:12","guid":{"rendered":"https:\/\/paulocolmain.com\/?page_id=2115"},"modified":"2020-04-22T09:10:37","modified_gmt":"2020-04-22T09:10:37","slug":"geantrai-goltrai-liricilyrics","status":"publish","type":"page","link":"https:\/\/paulocolmain.com\/?page_id=2115","title":{"rendered":"Geantra\u00ed, Goltra\u00ed&#8230;(liric\u00ed\/lyrics)"},"content":{"rendered":"<p><strong>Geantra\u00ed, Goltra\u00ed&#8230;<\/strong>&nbsp;&nbsp;&nbsp;&nbsp;&nbsp;&nbsp;&nbsp; (2015) CD\/FFR\/POC\/06<\/p>\n<p><a title=\"Is fada an bealach abhaile anocht\" href=\"https:\/\/paulocolmain.com\/?page_id=2122\">1. Is fada an bealach abhaile anocht<\/a><br \/>\n<a title=\"Br\u00f3nagh\" href=\"https:\/\/paulocolmain.com\/?page_id=2124\">2. Br\u00f3nagh<\/a><br \/>\n<a title=\"L\u00e1 an Dreoil\u00edn\" href=\"https:\/\/paulocolmain.com\/?page_id=2126\">3. L\u00e1 an Dreoil\u00edn<\/a><br \/>\n<a title=\"N\u00e1 labhr\u00f3f\u00e1 liom?\" href=\"https:\/\/paulocolmain.com\/?page_id=2130\">4. N\u00e1 labhr\u00f3f\u00e1 liom?<\/a><br \/>\n<a title=\"Ag l\u00edonadh mo chro\u00ed\" href=\"https:\/\/paulocolmain.com\/?page_id=2132\">5. Ag l\u00edonadh mo chro<\/a>\u00ed<br \/>\n<a title=\"N\u00edl \u00e9inne mar Mh\u00e1ire\" href=\"https:\/\/paulocolmain.com\/?page_id=2134\">6. N\u00edl \u00e9inne mar Mh\u00e1ire<\/a><br \/>\n<a title=\"Lig dom d\u00faiseacht\" href=\"https:\/\/paulocolmain.com\/?page_id=2136\">7. Lig dom d\u00faiseacht<\/a><\/p>\n","protected":false},"excerpt":{"rendered":"<p>Geantra\u00ed, Goltra\u00ed&#8230;&nbsp;&nbsp;&nbsp;&nbsp;&nbsp;&nbsp;&nbsp; (2015) CD\/FFR\/POC\/06 1. Is fada an bealach abhaile anocht 2. Br\u00f3nagh 3. L\u00e1 an Dreoil\u00edn 4. N\u00e1 labhr\u00f3f\u00e1 liom? 5. Ag l\u00edonadh mo chro\u00ed 6. N\u00edl \u00e9inne mar Mh\u00e1ire 7. Lig dom d\u00faiseacht<\/p>\n","protected":false},"author":1,"featured_media":0,"parent":556,"menu_order":2,"comment_status":"closed","ping_status":"open","template":"","meta":{"ngg_post_thumbnail":0,"spay_email":""},"jetpack_shortlink":"https:\/\/wp.me\/P36zMW-y7","jetpack_sharing_enabled":true,"_links":{"self":[{"href":"https:\/\/paulocolmain.com\/index.php?rest_route=\/wp\/v2\/pages\/2115"}],"collection":[{"href":"https:\/\/paulocolmain.com\/index.php?rest_route=\/wp\/v2\/pages"}],"about":[{"href":"https:\/\/paulocolmain.com\/index.php?rest_route=\/wp\/v2\/types\/page"}],"author":[{"embeddable":true,"href":"https:\/\/paulocolmain.com\/index.php?rest_route=\/wp\/v2\/users\/1"}],"replies":[{"embeddable":true,"href":"https:\/\/paulocolmain.com\/index.php?rest_route=%2Fwp%2Fv2%2Fcomments&post=2115"}],"version-history":[{"count":6,"href":"https:\/\/paulocolmain.com\/index.php?rest_route=\/wp\/v2\/pages\/2115\/revisions"}],"predecessor-version":[{"id":3923,"href":"https:\/\/paulocolmain.com\/index.php?rest_route=\/wp\/v2\/pages\/2115\/revisions\/3923"}],"up":[{"embeddable":true,"href":"https:\/\/paulocolmain.com\/index.php?rest_route=\/wp\/v2\/pages\/556"}],"wp:attachment":[{"href":"https:\/\/paulocolmain.com\/index.php?rest_route=%2Fwp%2Fv2%2Fmedia&parent=2115"}],"curies":[{"name":"wp","href":"https:\/\/api.w.org\/{rel}","templated":true}]}}