{"id":1418,"date":"2012-08-28T09:35:12","date_gmt":"2012-08-28T09:35:12","guid":{"rendered":"https:\/\/paulocolmain.com\/?page_id=1418"},"modified":"2012-08-28T09:35:12","modified_gmt":"2012-08-28T09:35:12","slug":"videos","status":"publish","type":"page","link":"https:\/\/paulocolmain.com\/?page_id=1418","title":{"rendered":"Videos"},"content":{"rendered":"<p>Here you can see <a href=\"https:\/\/paulocolmain.com\/?page_id=531\" title=\"Videos\">videos<\/a> of some of my songs. Don&#8217;t forget to click &#8220;LIKE&#8221; when you watch!!<\/p>\n<p>T\u00e1 f\u00edse\u00e1in le feice\u00e1il <a href=\"https:\/\/paulocolmain.com\/?page_id=531\" title=\"Videos\">anseo<\/a> de chuid de mo chnuasach amhr\u00e1n. N\u00e1 dear\u00faid an cnaipe &#8220;LIKE&#8221; a clice\u00e1il!<\/p>\n","protected":false},"excerpt":{"rendered":"<p>Here you can see videos of some of my songs. Don&#8217;t forget to click &#8220;LIKE&#8221; when you watch!! T\u00e1 f\u00edse\u00e1in le feice\u00e1il anseo de chuid de mo chnuasach amhr\u00e1n. N\u00e1 dear\u00faid an cnaipe &#8220;LIKE&#8221; a clice\u00e1il!<\/p>\n","protected":false},"author":1,"featured_media":0,"parent":8,"menu_order":3,"comment_status":"closed","ping_status":"open","template":"","meta":{"ngg_post_thumbnail":0,"spay_email":""},"jetpack_shortlink":"https:\/\/wp.me\/P36zMW-mS","jetpack_sharing_enabled":true,"_links":{"self":[{"href":"https:\/\/paulocolmain.com\/index.php?rest_route=\/wp\/v2\/pages\/1418"}],"collection":[{"href":"https:\/\/paulocolmain.com\/index.php?rest_route=\/wp\/v2\/pages"}],"about":[{"href":"https:\/\/paulocolmain.com\/index.php?rest_route=\/wp\/v2\/types\/page"}],"author":[{"embeddable":true,"href":"https:\/\/paulocolmain.com\/index.php?rest_route=\/wp\/v2\/users\/1"}],"replies":[{"embeddable":true,"href":"https:\/\/paulocolmain.com\/index.php?rest_route=%2Fwp%2Fv2%2Fcomments&post=1418"}],"version-history":[{"count":1,"href":"https:\/\/paulocolmain.com\/index.php?rest_route=\/wp\/v2\/pages\/1418\/revisions"}],"predecessor-version":[{"id":1419,"href":"https:\/\/paulocolmain.com\/index.php?rest_route=\/wp\/v2\/pages\/1418\/revisions\/1419"}],"up":[{"embeddable":true,"href":"https:\/\/paulocolmain.com\/index.php?rest_route=\/wp\/v2\/pages\/8"}],"wp:attachment":[{"href":"https:\/\/paulocolmain.com\/index.php?rest_route=%2Fwp%2Fv2%2Fmedia&parent=1418"}],"curies":[{"name":"wp","href":"https:\/\/api.w.org\/{rel}","templated":true}]}}