{"id":1215,"date":"2012-04-16T13:26:48","date_gmt":"2012-04-16T13:26:48","guid":{"rendered":"https:\/\/paulocolmain.com\/?page_id=1215"},"modified":"2019-01-28T17:48:12","modified_gmt":"2019-01-28T17:48:12","slug":"elsewhere","status":"publish","type":"page","link":"https:\/\/paulocolmain.com\/?page_id=1215","title":{"rendered":"Elsewhere!"},"content":{"rendered":"<p>Leathanaigh as mo chuid leabhair nota\u00ed a l\u00edonas thar lear. Pages from notebooks kept while traveling&#8230;Here&#8217;s a typical page from my\u00a0 journal, from my time Greece&#8230;Seo, th\u00edos, leathanach thipici\u00fail \u00f3 m&#8217;iris Ghr\u00e9agach&#8230;<\/p>\n<p><a href=\"https:\/\/paulocolmain.com\/wp-content\/uploads\/2012\/04\/greekjournal11.jpg\"><img loading=\"lazy\" class=\"alignright size-full wp-image-1254\" title=\"Greek journal page\" src=\"https:\/\/paulocolmain.com\/wp-content\/uploads\/2012\/04\/greekjournal11.jpg\" alt=\"\" width=\"650\" height=\"462\" srcset=\"https:\/\/paulocolmain.com\/wp-content\/uploads\/2012\/04\/greekjournal11.jpg 650w, https:\/\/paulocolmain.com\/wp-content\/uploads\/2012\/04\/greekjournal11-300x213.jpg 300w\" sizes=\"(max-width: 650px) 100vw, 650px\" \/><\/a><\/p>\n<p>&#8220;The sun, rising above the morning haze on the hill, strengthens. An old donkey guffaws appreciation. Olive wood smoke rises in lazy, spreading rolls, adding an aquatint feel to the dull greens, faded terracottas and old-white of the walls. Smoke lies in low swathes over the valley and lower hillsides. The sun picks up some angled roof tiles, silverly. A cock crows repeatedly and the morning smells of smoky almond. The sun climbs clear and any lingering shadow-chill evaporates, the colours becoming sharper, even the shapes. The smoke has cleared, morning is over, day begun.\u201d (24\/10\/08)<\/p>\n<p><strong>Journals:<\/strong><\/p>\n<p><a title=\"Greece\" href=\"https:\/\/paulocolmain.com\/?page_id=999\">Greece<\/a><\/p>\n<p><a title=\"Spain\" href=\"https:\/\/paulocolmain.com\/?page_id=1004\">Spain<\/a><\/p>\n<p><a title=\"Morrocco\" href=\"https:\/\/paulocolmain.com\/?page_id=1006\">Morrocco<\/a><\/p>\n<p><a href=\"https:\/\/paulocolmain.com\/?page_id=3363\">Albain (An t-Eilean Sgitheanach) : Scotland (Isle of Skye)<\/a><\/p>\n<p><a title=\"France\" href=\"https:\/\/paulocolmain.com\/?page_id=1002\">Anseo is ans\u00faid: here and there<\/a><\/p>\n","protected":false},"excerpt":{"rendered":"<p>Leathanaigh as mo chuid leabhair nota\u00ed a l\u00edonas thar lear. Pages from notebooks kept while traveling&#8230;Here&#8217;s a typical page from my\u00a0 journal, from my time Greece&#8230;Seo, th\u00edos, leathanach thipici\u00fail \u00f3 m&#8217;iris Ghr\u00e9agach&#8230; &#8220;The sun, rising above the morning haze on &hellip; <a href=\"https:\/\/paulocolmain.com\/?page_id=1215\">Continue reading <span class=\"meta-nav\">&rarr;<\/span><\/a><\/p>\n","protected":false},"author":1,"featured_media":0,"parent":340,"menu_order":2,"comment_status":"closed","ping_status":"open","template":"","meta":{"ngg_post_thumbnail":0,"spay_email":""},"jetpack_shortlink":"https:\/\/wp.me\/P36zMW-jB","jetpack_sharing_enabled":true,"_links":{"self":[{"href":"https:\/\/paulocolmain.com\/index.php?rest_route=\/wp\/v2\/pages\/1215"}],"collection":[{"href":"https:\/\/paulocolmain.com\/index.php?rest_route=\/wp\/v2\/pages"}],"about":[{"href":"https:\/\/paulocolmain.com\/index.php?rest_route=\/wp\/v2\/types\/page"}],"author":[{"embeddable":true,"href":"https:\/\/paulocolmain.com\/index.php?rest_route=\/wp\/v2\/users\/1"}],"replies":[{"embeddable":true,"href":"https:\/\/paulocolmain.com\/index.php?rest_route=%2Fwp%2Fv2%2Fcomments&post=1215"}],"version-history":[{"count":11,"href":"https:\/\/paulocolmain.com\/index.php?rest_route=\/wp\/v2\/pages\/1215\/revisions"}],"predecessor-version":[{"id":3366,"href":"https:\/\/paulocolmain.com\/index.php?rest_route=\/wp\/v2\/pages\/1215\/revisions\/3366"}],"up":[{"embeddable":true,"href":"https:\/\/paulocolmain.com\/index.php?rest_route=\/wp\/v2\/pages\/340"}],"wp:attachment":[{"href":"https:\/\/paulocolmain.com\/index.php?rest_route=%2Fwp%2Fv2%2Fmedia&parent=1215"}],"curies":[{"name":"wp","href":"https:\/\/api.w.org\/{rel}","templated":true}]}}